{"id":4282,"date":"2021-12-14T10:29:47","date_gmt":"2021-12-14T09:29:47","guid":{"rendered":"http:\/\/www.wwurm.com\/?page_id=4282"},"modified":"2022-01-20T13:36:12","modified_gmt":"2022-01-20T12:36:12","slug":"die-gruender","status":"publish","type":"page","link":"http:\/\/www.wwurm.com\/?page_id=4282","title":{"rendered":"Die Gr\u00fcnder"},"content":{"rendered":"\t\t<div data-elementor-type=\"wp-page\" data-elementor-id=\"4282\" class=\"elementor elementor-4282\">\n\t\t\t\t\t\t\t\t\t<section class=\"elementor-section elementor-top-section elementor-element elementor-element-384205a4 rey-flexWrap elementor-section-boxed elementor-section-gap-default elementor-section-height-default elementor-section-height-default\" data-id=\"384205a4\" data-element_type=\"section\">\n\t\t\t\t\t\t<div class=\"elementor-container elementor-column-gap-default\">\n\t\t\t\t\t<div class=\"elementor-column elementor-col-100 elementor-top-column elementor-element elementor-element-2d6768c8\" data-id=\"2d6768c8\" data-element_type=\"column\">\n\t\t\t<div class=\"elementor-column-wrap--2d6768c8 elementor-widget-wrap elementor-element-populated\">\n\t\t\t\t\t\t\t\t<div class=\"elementor-element elementor-element-37aa0fe9 elementor-widget elementor-widget-heading\" data-id=\"37aa0fe9\" data-element_type=\"widget\" data-widget_type=\"heading.default\">\n\t\t\t\t<div class=\"elementor-widget-container\">\n\t\t\t<h1 class=\"elementor-heading-title elementor-size-default\">Gutes vom Gustergut seit 1324<\/h1>\t\t<\/div>\n\t\t\t\t<\/div>\n\t\t\t\t<div class=\"elementor-element elementor-element-2764da3b elementor-widget__width-auto elementor-widget-divider--view-line elementor-widget elementor-widget-divider\" data-id=\"2764da3b\" data-element_type=\"widget\" data-widget_type=\"divider.default\">\n\t\t\t\t<div class=\"elementor-widget-container\">\n\t\t\t\t\t<div class=\"elementor-divider\">\n\t\t\t<span class=\"elementor-divider-separator\">\n\t\t\t\t\t\t<\/span>\n\t\t<\/div>\n\t\t\t\t<\/div>\n\t\t\t\t<\/div>\n\t\t\t\t<div class=\"elementor-element elementor-element-4580f381 elementor-widget__width-initial u-links-anim-ul elementor-widget elementor-widget-text-editor\" data-id=\"4580f381\" data-element_type=\"widget\" data-widget_type=\"text-editor.default\">\n\t\t\t\t<div class=\"elementor-widget-container\">\n\t\t\t\t\t\t\tDie Essenz aus der Natur.\n\nGutes wird auf dem Gustergut schon lange gepflegt: Das sind unsere \u00c4pfel, Birnen, Trauben und die vielen anderen Fr\u00fcchte und Obstsorten, aus denen wir unsere Produkte gewinnen. Jedes Obst, jede Frucht geht durch unsere H\u00e4nde, denn wir pfl\u00fccken zu 100 % ohne Hilfe von Maschinen. Mit viel Gesp\u00fcr f\u00fcr die Eigenschaften der Frucht wird weiter verarbeitet, gepresst, vinifziert \u2013 kurz: veredelt. \t\t\t\t\t\t<\/div>\n\t\t\t\t<\/div>\n\t\t\t\t\t<\/div>\n\t\t<\/div>\n\t\t\t\t\t\t\t<\/div>\n\t\t<\/section>\n\t\t\t\t<section class=\"elementor-section elementor-top-section elementor-element elementor-element-313bff5b elementor-section-height-min-height elementor-section-items-top rey-section-bg--classic elementor-section-boxed elementor-section-gap-default elementor-section-height-default\" data-id=\"313bff5b\" data-element_type=\"section\" data-settings=\"{&quot;background_background&quot;:&quot;classic&quot;}\">\n\t\t\t\t\t\t\t<div class=\"elementor-background-overlay\"><\/div>\n\t\t\t\t\t\t\t<div class=\"elementor-container elementor-column-gap-default\">\n\t\t\t\t\t<div class=\"elementor-column elementor-col-33 elementor-top-column elementor-element elementor-element-18097e35\" data-id=\"18097e35\" data-element_type=\"column\">\n\t\t\t<div class=\"elementor-column-wrap--18097e35 elementor-widget-wrap\">\n\t\t\t\t\t\t\t\t\t<\/div>\n\t\t<\/div>\n\t\t\t\t<div class=\"elementor-column elementor-col-33 elementor-top-column elementor-element elementor-element-77b5be5c rey-colbg--classic\" data-id=\"77b5be5c\" data-element_type=\"column\" data-settings=\"{&quot;background_background&quot;:&quot;classic&quot;}\">\n\t\t\t<div class=\"elementor-column-wrap--77b5be5c elementor-widget-wrap elementor-element-populated\">\n\t\t\t\t\t\t\t\t<div class=\"elementor-element elementor-element-533d2c8d elementor-widget elementor-widget-heading\" data-id=\"533d2c8d\" data-element_type=\"widget\" data-widget_type=\"heading.default\">\n\t\t\t\t<div class=\"elementor-widget-container\">\n\t\t\t<h5 class=\"elementor-heading-title elementor-size-default\">100% ZUFRIEDENE KUNDEN<\/h5>\t\t<\/div>\n\t\t\t\t<\/div>\n\t\t\t\t<div class=\"elementor-element elementor-element-2f7fc03d elementor-widget elementor-widget-heading\" data-id=\"2f7fc03d\" data-element_type=\"widget\" data-widget_type=\"heading.default\">\n\t\t\t\t<div class=\"elementor-widget-container\">\n\t\t\t<h2 class=\"elementor-heading-title elementor-size-default\">Mache es mit Herzblut<\/h2>\t\t<\/div>\n\t\t\t\t<\/div>\n\t\t\t\t\t<\/div>\n\t\t<\/div>\n\t\t\t\t<div class=\"elementor-column elementor-col-33 elementor-top-column elementor-element elementor-element-69ed949b\" data-id=\"69ed949b\" data-element_type=\"column\">\n\t\t\t<div class=\"elementor-column-wrap--69ed949b elementor-widget-wrap\">\n\t\t\t\t\t\t\t\t\t<\/div>\n\t\t<\/div>\n\t\t\t\t\t\t\t<\/div>\n\t\t<\/section>\n\t\t\t\t<section class=\"elementor-section elementor-top-section elementor-element elementor-element-77631e95 rey-flexWrap elementor-section-boxed elementor-section-gap-default elementor-section-height-default elementor-section-height-default\" data-id=\"77631e95\" data-element_type=\"section\">\n\t\t\t\t\t\t<div class=\"elementor-container elementor-column-gap-default\">\n\t\t\t\t\t<div class=\"elementor-column elementor-col-100 elementor-top-column elementor-element elementor-element-47b46d61\" data-id=\"47b46d61\" data-element_type=\"column\">\n\t\t\t<div class=\"elementor-column-wrap--47b46d61 elementor-widget-wrap elementor-element-populated\">\n\t\t\t\t\t\t\t\t<div class=\"elementor-element elementor-element-440643fd elementor-widget__width-initial elementor-absolute elementor-hidden-phone elementor-widget elementor-widget-image\" data-id=\"440643fd\" data-element_type=\"widget\" data-settings=\"{&quot;_position&quot;:&quot;absolute&quot;,&quot;motion_fx_motion_fx_scrolling&quot;:&quot;yes&quot;,&quot;motion_fx_blur_effect&quot;:&quot;yes&quot;,&quot;motion_fx_blur_range&quot;:{&quot;unit&quot;:&quot;%&quot;,&quot;size&quot;:&quot;&quot;,&quot;sizes&quot;:{&quot;start&quot;:&quot;0&quot;,&quot;end&quot;:&quot;53&quot;}},&quot;motion_fx_blur_direction&quot;:&quot;out-in&quot;,&quot;motion_fx_blur_level&quot;:{&quot;unit&quot;:&quot;px&quot;,&quot;size&quot;:7,&quot;sizes&quot;:[]},&quot;motion_fx_devices&quot;:[&quot;desktop&quot;,&quot;tablet&quot;,&quot;mobile&quot;]}\" data-widget_type=\"image.default\">\n\t\t\t\t<div class=\"elementor-widget-container\">\n\t\t\t\t\t\t\t\t\t\t\t\t\t\t\t<img src=\"http:\/\/www.wwurm.com\/wp-content\/uploads\/2022\/01\/wurm-_DSC8100.jpg\" title=\"wurm-_DSC8100\" alt=\"wurm-_DSC8100\" loading=\"lazy\" \/>\t\t\t\t\t\t\t\t\t\t\t\t\t\t\t<\/div>\n\t\t\t\t<\/div>\n\t\t\t\t<div class=\"elementor-element elementor-element-275d1679 elementor-widget elementor-widget-heading\" data-id=\"275d1679\" data-element_type=\"widget\" data-widget_type=\"heading.default\">\n\t\t\t\t<div class=\"elementor-widget-container\">\n\t\t\t<h1 class=\"elementor-heading-title elementor-size-default\">Ein Gr\u00fcnderpaar mit viel Herzblut<\/h1>\t\t<\/div>\n\t\t\t\t<\/div>\n\t\t\t\t<div class=\"elementor-element elementor-element-6d4fdc91 elementor-widget__width-auto elementor-widget-divider--view-line elementor-widget elementor-widget-divider\" data-id=\"6d4fdc91\" data-element_type=\"widget\" data-widget_type=\"divider.default\">\n\t\t\t\t<div class=\"elementor-widget-container\">\n\t\t\t\t\t<div class=\"elementor-divider\">\n\t\t\t<span class=\"elementor-divider-separator\">\n\t\t\t\t\t\t<\/span>\n\t\t<\/div>\n\t\t\t\t<\/div>\n\t\t\t\t<\/div>\n\t\t\t\t<div class=\"elementor-element elementor-element-7ae5207c elementor-widget__width-initial u-links-anim-ul elementor-widget elementor-widget-text-editor\" data-id=\"7ae5207c\" data-element_type=\"widget\" data-widget_type=\"text-editor.default\">\n\t\t\t\t<div class=\"elementor-widget-container\">\n\t\t\t\t\t\t\t<p>Das sind Christa und Franz Wurm &#8211; Produzenten und Landwirte aus Leidenschaft.\u00a0 \u00a0 \u00a0 \u00a0\u00a0<\/p><p>Regionalit\u00e4t? Direktvermarktung? &#8211; das sind W\u00f6rter, die die beiden aus voller \u00dcberzeugung seit Jahrzehnten leben.\u00a0<\/p>\t\t\t\t\t\t<\/div>\n\t\t\t\t<\/div>\n\t\t\t\t\t<\/div>\n\t\t<\/div>\n\t\t\t\t\t\t\t<\/div>\n\t\t<\/section>\n\t\t\t\t<section class=\"elementor-section elementor-top-section elementor-element elementor-element-3008a5c2 elementor-section-gap-no elementor-section-content-bottom rey-section-bg--classic elementor-section-boxed elementor-section-height-default elementor-section-height-default\" data-id=\"3008a5c2\" data-element_type=\"section\" data-settings=\"{&quot;background_background&quot;:&quot;classic&quot;}\">\n\t\t\t\t\t\t<div class=\"elementor-container elementor-column-gap-no\">\n\t\t\t\t\t<div class=\"elementor-column elementor-col-50 elementor-top-column elementor-element elementor-element-3148425d rey-colbg--classic\" data-id=\"3148425d\" data-element_type=\"column\" data-settings=\"{&quot;background_background&quot;:&quot;classic&quot;}\">\n\t\t\t<div class=\"elementor-column-wrap--3148425d elementor-widget-wrap elementor-element-populated\">\n\t\t\t\t\t\t\t\t<div class=\"elementor-element elementor-element-28c72961 elementor-widget elementor-widget-heading\" data-id=\"28c72961\" data-element_type=\"widget\" data-widget_type=\"heading.default\">\n\t\t\t\t<div class=\"elementor-widget-container\">\n\t\t\t<h5 class=\"elementor-heading-title elementor-size-default\">WWURM \u00d6STERREICH<\/h5>\t\t<\/div>\n\t\t\t\t<\/div>\n\t\t\t\t<div class=\"elementor-element elementor-element-3e8c54b1 elementor-widget elementor-widget-heading\" data-id=\"3e8c54b1\" data-element_type=\"widget\" data-widget_type=\"heading.default\">\n\t\t\t\t<div class=\"elementor-widget-container\">\n\t\t\t<h2 class=\"elementor-heading-title elementor-size-default\">Geschmack hat Charakter <\/h2>\t\t<\/div>\n\t\t\t\t<\/div>\n\t\t\t\t\t<\/div>\n\t\t<\/div>\n\t\t\t\t<div class=\"elementor-column elementor-col-50 elementor-top-column elementor-element elementor-element-71345343\" data-id=\"71345343\" data-element_type=\"column\">\n\t\t\t<div class=\"elementor-column-wrap--71345343 elementor-widget-wrap elementor-element-populated\">\n\t\t\t\t\t\t\t\t<section class=\"elementor-section elementor-inner-section elementor-element elementor-element-360d910c elementor-section-gap-wider elementor-section-content-top elementor-section-boxed elementor-section-height-default elementor-section-height-default\" data-id=\"360d910c\" data-element_type=\"section\">\n\t\t\t\t\t\t<div class=\"elementor-container elementor-column-gap-wider\">\n\t\t\t\t\t<div class=\"elementor-column elementor-col-50 elementor-inner-column elementor-element elementor-element-52b04611\" data-id=\"52b04611\" data-element_type=\"column\">\n\t\t\t<div class=\"elementor-column-wrap--52b04611 elementor-widget-wrap elementor-element-populated\">\n\t\t\t\t\t\t\t\t<div class=\"elementor-element elementor-element-5b368dda elementor-widget elementor-widget-image\" data-id=\"5b368dda\" data-element_type=\"widget\" data-settings=\"{&quot;motion_fx_motion_fx_scrolling&quot;:&quot;yes&quot;,&quot;motion_fx_blur_effect&quot;:&quot;yes&quot;,&quot;motion_fx_blur_range&quot;:{&quot;unit&quot;:&quot;%&quot;,&quot;size&quot;:&quot;&quot;,&quot;sizes&quot;:{&quot;start&quot;:&quot;0&quot;,&quot;end&quot;:&quot;52&quot;}},&quot;motion_fx_blur_direction&quot;:&quot;out-in&quot;,&quot;motion_fx_blur_level&quot;:{&quot;unit&quot;:&quot;px&quot;,&quot;size&quot;:7,&quot;sizes&quot;:[]},&quot;motion_fx_devices&quot;:[&quot;desktop&quot;,&quot;tablet&quot;,&quot;mobile&quot;]}\" data-widget_type=\"image.default\">\n\t\t\t\t<div class=\"elementor-widget-container\">\n\t\t\t\t\t\t\t\t\t\t\t\t\t\t\t<img width=\"2100\" height=\"1400\" src=\"http:\/\/www.wwurm.com\/wp-content\/uploads\/2022\/01\/Die-Gruender.jpg\" class=\"attachment-full size-full wp-image-4521\" alt=\"\" loading=\"lazy\" srcset=\"http:\/\/www.wwurm.com\/wp-content\/uploads\/2022\/01\/Die-Gruender.jpg 2100w, http:\/\/www.wwurm.com\/wp-content\/uploads\/2022\/01\/Die-Gruender-300x200.jpg 300w, http:\/\/www.wwurm.com\/wp-content\/uploads\/2022\/01\/Die-Gruender-1024x683.jpg 1024w, http:\/\/www.wwurm.com\/wp-content\/uploads\/2022\/01\/Die-Gruender-768x512.jpg 768w, http:\/\/www.wwurm.com\/wp-content\/uploads\/2022\/01\/Die-Gruender-1536x1024.jpg 1536w, http:\/\/www.wwurm.com\/wp-content\/uploads\/2022\/01\/Die-Gruender-2048x1365.jpg 2048w, http:\/\/www.wwurm.com\/wp-content\/uploads\/2022\/01\/Die-Gruender-1000x667.jpg 1000w\" sizes=\"(max-width: 2100px) 100vw, 2100px\" \/>\t\t\t\t\t\t\t\t\t\t\t\t\t\t\t<\/div>\n\t\t\t\t<\/div>\n\t\t\t\t\t<\/div>\n\t\t<\/div>\n\t\t\t\t<div class=\"elementor-column elementor-col-50 elementor-inner-column elementor-element elementor-element-3bc5f549\" data-id=\"3bc5f549\" data-element_type=\"column\">\n\t\t\t<div class=\"elementor-column-wrap--3bc5f549 elementor-widget-wrap elementor-element-populated\">\n\t\t\t\t\t\t\t\t<div class=\"elementor-element elementor-element-43ecadd2 u-links-anim-ul elementor-widget elementor-widget-text-editor\" data-id=\"43ecadd2\" data-element_type=\"widget\" data-widget_type=\"text-editor.default\">\n\t\t\t\t<div class=\"elementor-widget-container\">\n\t\t\t\t\t\t\t<p>Seit 1324 entsteht<br \/>hier Gutes, unsere Rezepturen<br \/>werden von Generation zu Generation<br \/>in unserer Familie weiter gegeben<br \/>und \u2013 wo n\u00f6tig \u2013 weiter entwickelt.<br \/>Aber auch unsere Werte pflegen wir,<br \/>den Umgang mit der Natur und mit den<br \/>Menschen. Im Familienverbund widmen<br \/>wir uns voll und ganz dem Handwerk<br \/>der Fruchtveredelung. Und das mit<br \/>Liebe und Leidenschaft. Dabei hat jeder<br \/>seinen Platz, seine Aufgabe und<br \/>seinen Wirkungsbereich bei uns am<br \/>Gustergut. Wir tauschen uns aus und<br \/>erg\u00e4nzen uns. Und das ergibt das gemeinsame<br \/>Ganze \u2013 nat\u00fcrliche Produkte<br \/>von h\u00f6chster Qualit\u00e4t.<\/p>\t\t\t\t\t\t<\/div>\n\t\t\t\t<\/div>\n\t\t\t\t<div class=\"elementor-element elementor-element-3f1608b2 elementor-widget elementor-widget-image\" data-id=\"3f1608b2\" data-element_type=\"widget\" data-widget_type=\"image.default\">\n\t\t\t\t<div class=\"elementor-widget-container\">\n\t\t\t\t\t\t\t\t\t\t\t\t\t\t\t<img width=\"1\" height=\"1\" src=\"http:\/\/www.wwurm.com\/wp-content\/uploads\/2021\/09\/signature-1.svg\" class=\"attachment-large size-large wp-image-4170\" alt=\"\" loading=\"lazy\" \/>\t\t\t\t\t\t\t\t\t\t\t\t\t\t\t<\/div>\n\t\t\t\t<\/div>\n\t\t\t\t\t<\/div>\n\t\t<\/div>\n\t\t\t\t\t\t\t<\/div>\n\t\t<\/section>\n\t\t\t\t\t<\/div>\n\t\t<\/div>\n\t\t\t\t\t\t\t<\/div>\n\t\t<\/section>\n\t\t\t\t\t\t\t<\/div>\n\t\t","protected":false},"excerpt":{"rendered":"<p>Gutes vom Gustergut seit 1324 Die Essenz aus der Natur. Gutes wird auf dem Gustergut schon lange gepflegt: Das sind unsere \u00c4pfel, Birnen, Trauben und die vielen anderen Fr\u00fcchte und Obstsorten, aus denen wir unsere Produkte gewinnen. Jedes Obst, jede Frucht geht durch unsere H\u00e4nde, denn wir pfl\u00fccken zu 100 % ohne Hilfe von Maschinen. [&hellip;]<\/p>\n","protected":false},"author":1,"featured_media":0,"parent":0,"menu_order":0,"comment_status":"closed","ping_status":"closed","template":"template-builder.php","meta":[],"acf":[],"_links":{"self":[{"href":"http:\/\/www.wwurm.com\/index.php?rest_route=\/wp\/v2\/pages\/4282"}],"collection":[{"href":"http:\/\/www.wwurm.com\/index.php?rest_route=\/wp\/v2\/pages"}],"about":[{"href":"http:\/\/www.wwurm.com\/index.php?rest_route=\/wp\/v2\/types\/page"}],"author":[{"embeddable":true,"href":"http:\/\/www.wwurm.com\/index.php?rest_route=\/wp\/v2\/users\/1"}],"replies":[{"embeddable":true,"href":"http:\/\/www.wwurm.com\/index.php?rest_route=%2Fwp%2Fv2%2Fcomments&post=4282"}],"version-history":[{"count":25,"href":"http:\/\/www.wwurm.com\/index.php?rest_route=\/wp\/v2\/pages\/4282\/revisions"}],"predecessor-version":[{"id":4693,"href":"http:\/\/www.wwurm.com\/index.php?rest_route=\/wp\/v2\/pages\/4282\/revisions\/4693"}],"wp:attachment":[{"href":"http:\/\/www.wwurm.com\/index.php?rest_route=%2Fwp%2Fv2%2Fmedia&parent=4282"}],"curies":[{"name":"wp","href":"https:\/\/api.w.org\/{rel}","templated":true}]}}