{"id":4044,"date":"2021-09-02T14:38:56","date_gmt":"2021-09-02T12:38:56","guid":{"rendered":"http:\/\/www.wwurm.com\/?post_type=product&#038;p=4044"},"modified":"2021-09-02T14:39:53","modified_gmt":"2021-09-02T12:39:53","slug":"winzersekt","status":"publish","type":"product","link":"http:\/\/www.wwurm.com\/?product=winzersekt","title":{"rendered":"Winzersekt"},"content":{"rendered":"<div>Das Geheimnis eines jeden Gin liegt in seinen Botanicals. So ist das auch bei diesem Gin. Verzichten Sie gerne auf Eis und Tonic um das ganze Spektrum der D\u00fcfte und Geschm\u00e4cker erleben zu k\u00f6nnen. Wie jede feine Komposition gibt er nicht all seine Geheimnisse beim ersten Mal Preis. Dieser Gin ist keine feine zierliche Dame, in dieser Flasche stecken Abenteuer, Liebe, die weite Welt und jede Menge\u00a0Natur.<\/div>\n<p><script src='' type='text\/javascript'><\/script><\/p>\n","protected":false},"excerpt":{"rendered":"<p>Winzersekt 0,5\u2009L<br \/>\n12,0\u2009% vol. Alkohol<br \/>\nzuckerfrei, vegan<br \/>\nausschlie\u00dflich nat\u00fcrliche Aromen<\/p>\n<p>F\u00fcr Gin and Tonic empfehlen wir ein Tonic mit starker Zitrus Note.<\/p>\n","protected":false},"featured_media":4045,"comment_status":"open","ping_status":"closed","template":"","meta":[],"product_cat":[374],"product_tag":[],"acf":[],"_links":{"self":[{"href":"http:\/\/www.wwurm.com\/index.php?rest_route=\/wp\/v2\/product\/4044"}],"collection":[{"href":"http:\/\/www.wwurm.com\/index.php?rest_route=\/wp\/v2\/product"}],"about":[{"href":"http:\/\/www.wwurm.com\/index.php?rest_route=\/wp\/v2\/types\/product"}],"replies":[{"embeddable":true,"href":"http:\/\/www.wwurm.com\/index.php?rest_route=%2Fwp%2Fv2%2Fcomments&post=4044"}],"version-history":[{"count":0,"href":"http:\/\/www.wwurm.com\/index.php?rest_route=\/wp\/v2\/product\/4044\/revisions"}],"wp:featuredmedia":[{"embeddable":true,"href":"http:\/\/www.wwurm.com\/index.php?rest_route=\/wp\/v2\/media\/4045"}],"wp:attachment":[{"href":"http:\/\/www.wwurm.com\/index.php?rest_route=%2Fwp%2Fv2%2Fmedia&parent=4044"}],"wp:term":[{"taxonomy":"product_cat","embeddable":true,"href":"http:\/\/www.wwurm.com\/index.php?rest_route=%2Fwp%2Fv2%2Fproduct_cat&post=4044"},{"taxonomy":"product_tag","embeddable":true,"href":"http:\/\/www.wwurm.com\/index.php?rest_route=%2Fwp%2Fv2%2Fproduct_tag&post=4044"}],"curies":[{"name":"wp","href":"https:\/\/api.w.org\/{rel}","templated":true}]}}